
2
Suppose -9*f = -5*f - 8. Suppose t - 6*t = -5*a + 40, t - 7 = -f*a. Let u(k) = -k**3 - 2*k**2. Determine u(t).
9
Let j be (1/(-2))/((-1)/2). Let w(o) = j + o - 4*o + 5*o - o**3 + o**2. Suppose 0 = -5*k - 3 - 2. What is w(k)?
1
Let o(c) be the second derivative of -c**3 + c**2/2 + 25*c. Determine o(2).
-11
Suppose -3*x + 1 = -11. Let i(m) = -1. Let f(d) = 8*d + 3. Let l(q) = x*i(q) + f(q). Suppose 6 = -2*c + 8. What is l(c)?
7
Let a(b) be the second derivative of -b**2 + b + 1/12*b**4 - 1/3*b**3 + 0. Let s = 6 - 8. Calculate a(s).
6
Let g(z) = z**2 - 5*z**2 + 2*z**3 + 3*z**2 + 1. Give g(2).
13
Let u(m) be the third derivative of -m**4/24 + 4*m**3/3 + 20*m**2 + 2*m. Give u(4).
4
Let p = -11 - -9. Let j(d) = -d**2 - 2*d - 1. What is j(p)?
-1
Let z(t) = -t**3 + 6*t**2 + 8*t - 5. Let x be z(7). Suppose -x*a - 7 = -y, 5*a + 20 + 3 = -3*y. Let u(q) = 7*q + 1. What is u(y)?
-6
Let d(g) be the first derivative of 0*g**2 - 3/4*g**4 + 0*g**3 + 1 + 0*g. Give d(1).
-3
Let b(o) = -3*o + 23*o**2 - 13 + 24*o**2 - 48*o**2 + o**3 + 2*o. What is b(0)?
-13
Let x = 11 + -9. Let f be ((3 + -2)*-4)/(-2). Let u(g) = 1 - g**x - f + g + 1 - 2. Determine u(2).
-4
Let a(w) be the first derivative of -2*w + 3 + 5/2*w**2 - 1/3*w**3. Give a(3).
4
Let t(i) be the third derivative of i**6/40 + i**5/30 - i**3/6 - 4*i**2. Let n = -7 - -11. Let a be (-1)/n + (-12)/16. Give t(a).
-2
Suppose z = -5 - 0. Let o = z + 4. Let a(m) = -4*m - 1. Calculate a(o).
3
Let y = 9 - 15. Let w(c) = c + 1. Let r(p) = 6*p + 17. Let t(g) = r(g) - 5*w(g). Give t(y).
6
Let t(p) = -p**3 + 6*p**2 - 4*p - 4. Let b be t(5). Let r(z) = 4 - 4 + z**2 - b. Let d be (2 - 2) + -2 + 1. Determine r(d).
0
Let i(h) = -h + 3 - h - 5*h**2 + 6*h**2. Suppose 10 = 6*u - u. What is i(u)?
3
Let x(v) = 2*v**3 + 3*v - 2. Let j be x(1). Let r(o) be the first derivative of 1/2*o**2 + 0*o + j. What is r(3)?
3
Let h(r) be the first derivative of 3*r**3 - 2*r**3 - 22 + 19 - r. Give h(-1).
2
Suppose 3*z = 8*z + 5*m - 15, -5*z = 2*m - 12. Suppose -z*r - 2*r = 0. Suppose -3*u = k - 2, r = 2*u - 2*k + 7*k - 10. Let t(s) = -s**2 - 5. Calculate t(u).
-5
Let m be (1 + 0)/((-3)/18). Let a(n) = -n**3 - 6*n**2 - 3. Calculate a(m).
-3
Let l = 31 - 31. Let q(u) be the third derivative of l*u + 1/24*u**4 + 1/6*u**3 + 4*u**2 + 0. What is q(2)?
3
Let q(h) = -h - 18 - 19 - 17 + 49. Give q(-12).
7
Let m(v) be the third derivative of -v**6/120 + v**5/15 - v**4/12 + v**3/3 + 5*v**2. What is m(3)?
5
Suppose -f - j - 3 = -0*j, -j - 1 = 2*f. Let x(l) = -6*l**f + 6*l**2 - 6*l**3. Give x(1).
-6
Let h(r) = -r**2 + 6*r - 5. Let t = -101 - -106. Give h(t).
0
Suppose 11*p = 6*p + 10. Let s(j) = -6 + j + 3 + p. What is s(-1)?
-2
Suppose 3*b - 4*b + 11 = 2*q, -5*b = 5*q - 35. Let y(m) = 2*m - 3. Give y(b).
3
Let g be (-18)/(-4) - 1/2. Let l(w) = -5 - w**3 - w + 4*w**2 - 3*w + w**2. What is l(g)?
-5
Let q = -1 + 0. Let p(b) = -3*b - 4*b + b. Give p(q).
6
Let y be 0/4 + 1 + 0. Let p = -5 + 8. Suppose b = y + p. Let g(m) = -2*m. Calculate g(b).
-8
Let y(m) = -m - 4 + 2 + 7 - 4. Give y(7).
-6
Let j(p) = 1 - 7 + 6 - 5*p + 1. Give j(2).
-9
Suppose 6 = -9*j + 8*j. Let x(o) = 2*o + 6. Give x(j).
-6
Let q(j) = -j**2 - 5. Let w be (-19)/(0 - -1) - 2. Let d be 6/w - 32/(-14). Let p(i) = i - 2. Let u be p(d). Calculate q(u).
-5
Let o(r) = 1. Let h(v) = -v + 3. Let m(w) = h(w) - 6*o(w). Determine m(-2).
-1
Let s(i) = -3*i. Let r(g) = -2*g**2 + g. Let b be r(1). Give s(b).
3
Suppose 2*s + 7 = 5. Let z(g) be the first derivative of g**5/60 - g**4/24 - 4*g**3/3 + 4. Let o(c) be the third derivative of z(c). Determine o(s).
-3
Let o be (-28)/6 - 6/(-9). Let s be 2*1 - 8/o. Let z(w) = w**3 - 2*w - 2 - w**2 - s*w**2 + w**2 - 3*w. What is z(5)?
-2
Let r be (-38)/(-8) - (-1)/4. Suppose p + 7 = 2*a - 1, 31 = r*a + 3*p. Let z(m) = -m**3 + 6*m**2 - 3*m - 7. Give z(a).
3
Suppose 6*s = 2*s + 16. Suppose y = 4, -g = -s*g + 5*y + 10. Suppose -b - g = b. Let t(f) = -f**2 - 7*f - 7. Calculate t(b).
3
Let u(q) = 1 + q + 1 - 3 + 3. Let w be 4/14 - (-4)/(-14). Determine u(w).
2
Let n(q) = -q**3 - 3*q**2 - 3*q - 1. Let b = -3 - -6. Let z be b/(-2)*(3 - 5). Let u be 3*2/z*-1. Give n(u).
1
Let r be ((-2)/3)/(2/12). Let g(y) be the second derivative of -y**6/720 - 3*y**5/40 - y**4/12 + y. Let s(i) be the third derivative of g(i). Give s(r).
-5
Let y = -2 + 4. Suppose -4*j + y = -8*j + 2*d, -5*d - 6 = j. Let p(g) be the third derivative of -g**6/120 - g**5/60 - g**3/6 + 2*g**2. Give p(j).
-1
Let k(i) = -i**3 - 3*i**2 + i + 4. Let g be k(-3). Let d(p) = p**2 - 2*p + 1 - 5 + 0*p - g. Let z be (-14)/(-3) + 4/(-6). Determine d(z).
3
Let w(g) = -g**2 - 6*g - 2. Let x be 6/(-9)*(7 - -2). Determine w(x).
-2
Let h = -2 + -1. Let i(j) be the second derivative of 3*j + 1/2*j**2 + 1/3*j**3 + 1/12*j**4 + 0. Give i(h).
4
Suppose -4*j - j + 10 = 0. Let s(u) = 6*u**2 - j*u**3 + u**3 - 4*u + 0*u - 3. Suppose -3 = -2*a + 7. Give s(a).
2
Let t(o) = 2*o**2 + o + 1. Suppose 2*q = -5*l - 9, -2*q = -5*l + 6 - 7. Calculate t(l).
2
Let k(a) = -9*a**3 - 2*a - 1. Suppose 4*p - 5*p - 4 = -q, 5*q + 3*p = -20. Calculate k(q).
10
Let s(k) = -3*k**3 - k. Let p = 0 - 0. Suppose p = -6*c + c + 10. Let w be 5/(-10)*4/c. Calculate s(w).
4
Let z(q) = -q**3 - q**2 - q - 1. Let y = 44 + -48. Let h be (5/4)/((-1)/(-8)). Let x be h/15 - y/(-6). Determine z(x).
-1
Let m be (-5)/(-2)*(-16)/(-20). Let n(p) = 5*p**2 - 2*p + 3. Calculate n(m).
19
Suppose -4*y + 30 = -9*y - 5*u, -5*y = -5*u. Let o(d) = 7*d**2 + 4*d - 7*d - 5 - 8*d. Let h(c) = 3*c**2 - 5*c - 2. Let v(w) = 9*h(w) - 4*o(w). What is v(y)?
-4
Suppose -2*f = -5 - 3. Suppose w = -f*w + 5. Let t(m) = -w + 3 + 0 - 2*m. Calculate t(3).
-4
Let i(l) = -l**3 - 6*l**2 + 6. Suppose 5*s + 5*n = -5, 0*s - 2*s + 5*n = 16. Let k = -3 + s. What is i(k)?
6
Let g(f) be the second derivative of f**3/6 - 3*f**2/2 - 11*f. Determine g(0).
-3
Let i(y) = -3*y**2 + 1 + 0*y**2 + 6*y + y + 2*y**2. Determine i(8).
-7
Let l(g) be the first derivative of 1 - 1/60*g**5 + 0*g - 1/24*g**4 + 0*g**2 - g**3. Let s(p) be the third derivative of l(p). What is s(4)?
-9
Let y = 2 + 1. Let f(n) = y*n**2 + 3*n**2 - 5*n + n + n - 6 - n**3. Calculate f(5).
4
Let y(z) = z**2 + 5*z + 1. Let h = 24 - 26. Let p = h - 3. Determine y(p).
1
Let g(r) = 6*r**2 - 3*r + 4. Let z be g(1). Let u(d) = -d + 7. Determine u(z).
0
Let u = 1 - 1. Let j(b) be the first derivative of b**5/60 + b**4/24 + b**2/2 + 1. Let w(k) be the second derivative of j(k). Calculate w(u).
0
Let b(u) = u**3 + u. Let t(o) = -o + 1. Let p be t(-1). Suppose -r = -p*r. Suppose 0 = 2*q - 5*z - 6 - 0, 4*q - 4*z = r. Give b(q).
-10
Let r(z) be the second derivative of z**4/2 - z**3/3 - z**2/2 + 4*z. What is r(-1)?
7
Let d(b) = b**2 - 5*b + 7. Let k = -49 + 54. Calculate d(k).
7
Let j be 2 + 3 + 0/(-1). Suppose 0*f - 3 = -4*o + f, -3*o + 31 = j*f. Let v(n) = 2*n + 1 + 3*n - 2 - 3*n. Give v(o).
3
Let l = -5 + 7. Let d(t) = 9*t - 27*t + 10*t + 2. Calculate d(l).
-14
Suppose -2*z - o = -4*o, -3*z + 30 = 3*o. Let r(b) = -b**2 + 5*b + 8. Calculate r(z).
2
Suppose 5*a = -5 + 30. Let o = 12 - 22. Let d = a + o. Let z(f) = 2*f + 3. What is z(d)?
-7
Let v = 1 + 3. Suppose -12 = -4*x - a, -3*x + 32 = x - v*a. Let k(y) = -y**3 + 3*y**2 + 6*y - 2. Give k(x).
6
Let b(c) = -c - 11. Let i(y) = 4*y**2 - 6*y + 6. Let p(s) = 5*s**2 - 6*s + 7. Let o(v) = 4*i(v) - 3*p(v). Let m be o(4). What is b(m)?
-6
Let b(n) be the second derivative of n**5/20 + n**4/3 + n**3/2 + n**2/2 + n. Let w(d) = -d**2 + 8*d - 10. Let y be w(7). Let x be y*5/(45/6). What is b(x)?
3
Let w(t) = t - 9 - 3*t + 4. Let l(i) = -i**3 + 12*i**2 + i - 17. Suppose q - 2*q - 3*u + 3 = 0, 3*q - u - 39 = 0. Let k be l(q). What is w(k)?
5
Suppose h - 6*h = 0. Let p(x) = -x**2 + x - 7. Determine p(h).
-7
Let k be (-5)/(1/(4/(-10))). Let i(h) be the first derivative of -1 - 1 + 3 - 3*h + 3*h**2. Determine i(k).
9
Let w(x) be the third derivative of -x**5/60 - x**4/24 - x**3 - 29*x**2. Let l be 0/(2*1/(-2)). What is w(l)?
-6
Let r(y) = 3*y**3 + y**2 - 4*y - 1. Let m(c) be the third derivative of c**6/60 + c**5/60 - c**4/8 + 3*c**2. Let f(l) = 4*m(l) - 3*r(l). What is f(0)?
3
Suppose 3*p - 2 = 1. Suppose 0 = -4*n + 22 + 6. Let t(m) = -15*m**3 + 9*m**2. Let c(q) = -7*q**3 + 4*q**2. Let r(w) = n*c(w) - 3*t(w). Determine r